{"id":357,"date":"2024-07-25T17:27:18","date_gmt":"2024-07-25T15:27:18","guid":{"rendered":"https:\/\/shop.eau2p.fr\/?page_id=357"},"modified":"2024-07-25T18:07:26","modified_gmt":"2024-07-25T16:07:26","slug":"mes-recommandations","status":"publish","type":"page","link":"https:\/\/shop.eau2p.fr\/index.php\/mes-recommandations\/","title":{"rendered":"Mes recommandations"},"content":{"rendered":"\n<p>Ce site est l\u00e0 pour vous aider \u00e0 fabriquer la meilleure eau possible pour votre \u00e9l\u00e9vation de fr\u00e9quence.<\/p>\n\n\n\n<p>Il est \u00e9vident que si vous d\u00e9sirez tout faire d&rsquo;un seul coup cela va effectivement devenir vite un tr\u00e8s gros bordel dans le sens qu&rsquo;il faut \u00eatre patient dans la mise en \u0153uvre de ce processus.<\/p>\n\n\n\n<p>En effet, il est difficile de passer \u00e0 de nouvelles habitudes de consommation qui prennent du temps surtout dans le domaine de l&rsquo;eau car en temps normal c&rsquo;est le robinet ou une eau de source en bouteille et puis \u00e7a s&rsquo;arr\u00eate-l\u00e0. <\/p>\n\n\n\n<p>C&rsquo;est donc l\u00e0 le plus gros obstacle : devoir consacrer du temps l\u00e0 ou avant on n&rsquo;en passait pas.<\/p>\n\n\n\n<p>Cela en vaut-il la chandelle ? La r\u00e9ponse est fort simple : on est un sac d&rsquo;eau litt\u00e9ralement (75 \u00e0 85% du poids du corps physique et le reste de la mati\u00e8re) et n\u00e9gliger les 4\/5 de notre corps pour se consacrer uniquement aux 15% restant est ironique m\u00eame si on suit des r\u00e9gimes sp\u00e9cifiques (v\u00e9g\u00e9tarien, v\u00e9g\u00e9talien, etc).<\/p>\n\n\n\n<p>C&rsquo;est \u00e0 l&rsquo;image d&rsquo;une voiture o\u00f9 le m\u00e9cano d\u00e9pense des fortunes pour avoir une voiture au top du top mais qui n\u00e9glige totalement (ou \u00e0 peu pr\u00e8s) la nature et la qualit\u00e9 du carburant qu&rsquo;il met dans le r\u00e9servoir. Si d\u00e9j\u00e0, d\u00e8s le d\u00e9part tu as tout faux sur la qualit\u00e9 du carburant, il est \u00e9vident que d&rsquo;avoir le dernier cri sur ce qui compose la voiture devient une aberration en soi.<\/p>\n\n\n\n<p>Certes, il existe une quantit\u00e9 \u00e9norme de vendeurs vendant des accessoires hors de prix pour que tu aies une \u00ab\u00a0eau pure\u00a0\u00bb (voire \u00ab\u00a0inform\u00e9e\u00a0\u00bb ou \u00ab\u00a0structur\u00e9e\u00a0\u00bb) mais en v\u00e9rit\u00e9 cette derni\u00e8re est tr\u00e8s tr\u00e8s loin de rencontrer les meilleures caract\u00e9ristiques r\u00e9elles et efficaces qu&rsquo;elles vantent.<\/p>\n\n\n\n<p>Voil\u00e0 pourquoi tu ne trouveras point sur ce site un super argumentaire commercial car ce site n&rsquo;a pas \u00e9t\u00e9 pr\u00e9vu pour cela. Il a \u00e9t\u00e9 pr\u00e9vu pour que ceux et celles qui sont sur le chemin (les marcheurs) puissent se procurer le mat\u00e9riel n\u00e9cessaire pour faire leurs propres essais.<\/p>\n\n\n\n<p>Dit autrement, ce site n&rsquo;a pas une vocation commerciale dans l&rsquo;\u00e2me (faire des b\u00e9n\u00e9fices, d\u00e9gager de la marge pour s&rsquo;enrichir) mais seulement mettre \u00e0 disposition \u00e0 un prix le plus modique possible ce que d&rsquo;autres vendent \u00e0 prix d&rsquo;or. C&rsquo;est un site \u00ab\u00a0communautaire\u00a0\u00bb qui est l\u00e0 pour aider \u00e0 l&rsquo;am\u00e9lioration vibratoire d&rsquo;un individu au prix le plus bas possible.<\/p>\n\n\n\n<p>Si tu es nouveau et si tu veux effectivement avoir des r\u00e9sultats probants, tu peux aller <a href=\"https:\/\/shop.eau2p.fr\/index.php\/doc-fabrication-eau2p\/\" data-type=\"page\" data-id=\"362\" target=\"_blank\" rel=\"noreferrer noopener nofollow\">sur ce lien<\/a>.<\/p>\n","protected":false},"excerpt":{"rendered":"<p>Ce site est l\u00e0 pour vous aider \u00e0 fabriquer la meilleure eau possible pour votre \u00e9l\u00e9vation de fr\u00e9quence. Il est \u00e9vident que si vous d\u00e9sirez tout faire d&rsquo;un seul coup cela va effectivement devenir vite un tr\u00e8s gros bordel dans le sens qu&rsquo;il faut \u00eatre patient dans la mise en \u0153uvre de ce processus. En [&hellip;]<\/p>\n","protected":false},"author":1,"featured_media":0,"parent":0,"menu_order":0,"comment_status":"closed","ping_status":"closed","template":"","meta":{"footnotes":""},"class_list":["post-357","page","type-page","status-publish","hentry"],"_links":{"self":[{"href":"https:\/\/shop.eau2p.fr\/index.php\/wp-json\/wp\/v2\/pages\/357","targetHints":{"allow":["GET"]}}],"collection":[{"href":"https:\/\/shop.eau2p.fr\/index.php\/wp-json\/wp\/v2\/pages"}],"about":[{"href":"https:\/\/shop.eau2p.fr\/index.php\/wp-json\/wp\/v2\/types\/page"}],"author":[{"embeddable":true,"href":"https:\/\/shop.eau2p.fr\/index.php\/wp-json\/wp\/v2\/users\/1"}],"replies":[{"embeddable":true,"href":"https:\/\/shop.eau2p.fr\/index.php\/wp-json\/wp\/v2\/comments?post=357"}],"version-history":[{"count":4,"href":"https:\/\/shop.eau2p.fr\/index.php\/wp-json\/wp\/v2\/pages\/357\/revisions"}],"predecessor-version":[{"id":365,"href":"https:\/\/shop.eau2p.fr\/index.php\/wp-json\/wp\/v2\/pages\/357\/revisions\/365"}],"wp:attachment":[{"href":"https:\/\/shop.eau2p.fr\/index.php\/wp-json\/wp\/v2\/media?parent=357"}],"curies":[{"name":"wp","href":"https:\/\/api.w.org\/{rel}","templated":true}]}}