{"id":177,"date":"2024-07-22T20:52:28","date_gmt":"2024-07-22T20:52:28","guid":{"rendered":"https:\/\/shop.eau2p.fr\/?post_type=product&#038;p=177"},"modified":"2026-03-14T16:05:22","modified_gmt":"2026-03-14T15:05:22","slug":"cartouches-infra-rouge","status":"publish","type":"product","link":"https:\/\/shop.eau2p.fr\/index.php\/produit\/cartouches-infra-rouge\/","title":{"rendered":"cartouches infra-rouge"},"content":{"rendered":"<p>charge l&rsquo;eau d&rsquo;une information vibratoire<\/p>\n<p>Active la mol\u00e9cule d&rsquo;eau dans notre corps.<br \/>\nAm\u00e9liorer le niveau d&rsquo;oxyg\u00e8ne dans notre corps.<\/p>\n<p>Eliminent les graisses, les produits chimiques et les toxines dans notre sang ce qui permet une meilleure fluidit\u00e9 de notre sang.<br \/>\nR\u00e9duit le niveau acides dans notre corps.<br \/>\nAm\u00e9lioration les fonctionnalit\u00e9s du syst\u00e8me nerveux.<\/p>\n","protected":false},"excerpt":{"rendered":"<p>charge l&rsquo;eau d&rsquo;une information vibratoire Active la mol\u00e9cule d&rsquo;eau dans notre corps. Am\u00e9liorer le niveau d&rsquo;oxyg\u00e8ne dans notre corps. Eliminent les graisses, les produits chimiques et les toxines dans notre sang ce qui permet une meilleure fluidit\u00e9 de notre sang. R\u00e9duit le niveau acides dans notre corps. Am\u00e9lioration les fonctionnalit\u00e9s du syst\u00e8me nerveux.<\/p>\n","protected":false},"featured_media":653,"template":"","meta":[],"product_brand":[],"product_cat":[18],"product_tag":[43,47],"class_list":{"0":"post-177","1":"product","2":"type-product","3":"status-publish","4":"has-post-thumbnail","6":"product_cat-osmoseur","7":"product_tag-cartouche","8":"product_tag-filtre","10":"first","11":"instock","12":"shipping-taxable","13":"purchasable","14":"product-type-simple"},"_links":{"self":[{"href":"https:\/\/shop.eau2p.fr\/index.php\/wp-json\/wp\/v2\/product\/177","targetHints":{"allow":["GET"]}}],"collection":[{"href":"https:\/\/shop.eau2p.fr\/index.php\/wp-json\/wp\/v2\/product"}],"about":[{"href":"https:\/\/shop.eau2p.fr\/index.php\/wp-json\/wp\/v2\/types\/product"}],"version-history":[{"count":4,"href":"https:\/\/shop.eau2p.fr\/index.php\/wp-json\/wp\/v2\/product\/177\/revisions"}],"predecessor-version":[{"id":657,"href":"https:\/\/shop.eau2p.fr\/index.php\/wp-json\/wp\/v2\/product\/177\/revisions\/657"}],"wp:featuredmedia":[{"embeddable":true,"href":"https:\/\/shop.eau2p.fr\/index.php\/wp-json\/wp\/v2\/media\/653"}],"wp:attachment":[{"href":"https:\/\/shop.eau2p.fr\/index.php\/wp-json\/wp\/v2\/media?parent=177"}],"wp:term":[{"taxonomy":"product_brand","embeddable":true,"href":"https:\/\/shop.eau2p.fr\/index.php\/wp-json\/wp\/v2\/product_brand?post=177"},{"taxonomy":"product_cat","embeddable":true,"href":"https:\/\/shop.eau2p.fr\/index.php\/wp-json\/wp\/v2\/product_cat?post=177"},{"taxonomy":"product_tag","embeddable":true,"href":"https:\/\/shop.eau2p.fr\/index.php\/wp-json\/wp\/v2\/product_tag?post=177"}],"curies":[{"name":"wp","href":"https:\/\/api.w.org\/{rel}","templated":true}]}}