{"id":178,"date":"2024-07-22T20:52:28","date_gmt":"2024-07-22T18:52:28","guid":{"rendered":"https:\/\/shop.eau2p.fr\/?post_type=product&#038;p=178"},"modified":"2025-05-12T18:39:57","modified_gmt":"2025-05-12T16:39:57","slug":"silicium-organique","status":"publish","type":"product","link":"https:\/\/shop.eau2p.fr\/index.php\/produit\/silicium-organique\/","title":{"rendered":"Silicium Organique"},"content":{"rendered":"<p><strong><span style=\"color: #ff0000;\">Pour toutes les commandes hors de France, Belgique et Suisse, pri\u00e8re de me contacter en passant par<\/span><\/strong> <a href=\"https:\/\/shop.eau2p.fr\/index.php\/contact\/\" target=\"_blank\" rel=\"noopener\">la page contact<\/a> <span style=\"color: #ff0000;\"><strong>car l\u00e0 on va avoir des soucis de poids et de douanes.<\/strong><\/span><\/p>\n<p>Ce produit a \u00e9t\u00e9 fabriqu\u00e9 par nos soins avec le top du top de ce qui est possible de faire. <a href=\"https:\/\/shop.eau2p.fr\/index.php\/silicium-organique\/\" target=\"_blank\" rel=\"noopener\">Cette\u00a0page<\/a>\u00a0 vous donne plus d&rsquo;infos car le titre g\u00e9n\u00e9rique de \u00ab\u00a0silicium organique\u00a0\u00bb reste tr\u00e8s en de\u00e7\u00e0 de ce qu&rsquo;il est v\u00e9ritablement.<\/p>\n<p>Le produit vendu en flacon de 250 ml est\u00a0<strong>un concentr\u00e9 qu&rsquo;il faut dilu\u00e9 imp\u00e9rativement<\/strong>\u00a0dans une\u00a0<strong>bouteille d&rsquo;1 litre<\/strong>\u00a0que vous compl\u00e9terez avec de l&rsquo;eau de la meilleure qualit\u00e9 qui soit.<\/p>\n<p>Par principe attendez 2-3 heures avant de commencer \u00e0 la boire afin que l&rsquo;info (en plus du silicium organique) puisse mettre \u00e0 niveau le restant de l&rsquo;eau que vous avez ajout\u00e9.<\/p>\n<p>La posologie journali\u00e8re d\u00e9pend de multiples param\u00e8tres. Me concernant c&rsquo;est une gorg\u00e9e le matin et une le soir tout en sachant que la pr\u00e9conisation g\u00e9n\u00e9rale publique serait la moiti\u00e9 de \u00e7a (une gorg\u00e9e par jour).<\/p>\n<p>Aussi, maintenant qu&rsquo; il est possible de commander par pack de 6 ou 12 flacons (pour minimiser les frais de transport) je vous recommande de vous regrouper entre amis et de commander le pack\u00a0directement.<\/p>\n<p>Si ce n&rsquo;est pas possible alors acheter plusieurs flacons \u00e0 la fois ce qui baissera significativement les frais de port.<\/p>\n","protected":false},"excerpt":{"rendered":"<p>Silicium Organique fabrication maison<\/p>\n","protected":false},"featured_media":185,"template":"","meta":[],"product_brand":[],"product_cat":[23],"product_tag":[41,40],"class_list":{"0":"post-178","1":"product","2":"type-product","3":"status-publish","4":"has-post-thumbnail","6":"product_cat-remineraliseur","7":"product_tag-organique","8":"product_tag-silicium","10":"first","11":"instock","12":"featured","13":"shipping-taxable","14":"purchasable","15":"product-type-simple"},"_links":{"self":[{"href":"https:\/\/shop.eau2p.fr\/index.php\/wp-json\/wp\/v2\/product\/178","targetHints":{"allow":["GET"]}}],"collection":[{"href":"https:\/\/shop.eau2p.fr\/index.php\/wp-json\/wp\/v2\/product"}],"about":[{"href":"https:\/\/shop.eau2p.fr\/index.php\/wp-json\/wp\/v2\/types\/product"}],"version-history":[{"count":6,"href":"https:\/\/shop.eau2p.fr\/index.php\/wp-json\/wp\/v2\/product\/178\/revisions"}],"predecessor-version":[{"id":446,"href":"https:\/\/shop.eau2p.fr\/index.php\/wp-json\/wp\/v2\/product\/178\/revisions\/446"}],"wp:featuredmedia":[{"embeddable":true,"href":"https:\/\/shop.eau2p.fr\/index.php\/wp-json\/wp\/v2\/media\/185"}],"wp:attachment":[{"href":"https:\/\/shop.eau2p.fr\/index.php\/wp-json\/wp\/v2\/media?parent=178"}],"wp:term":[{"taxonomy":"product_brand","embeddable":true,"href":"https:\/\/shop.eau2p.fr\/index.php\/wp-json\/wp\/v2\/product_brand?post=178"},{"taxonomy":"product_cat","embeddable":true,"href":"https:\/\/shop.eau2p.fr\/index.php\/wp-json\/wp\/v2\/product_cat?post=178"},{"taxonomy":"product_tag","embeddable":true,"href":"https:\/\/shop.eau2p.fr\/index.php\/wp-json\/wp\/v2\/product_tag?post=178"}],"curies":[{"name":"wp","href":"https:\/\/api.w.org\/{rel}","templated":true}]}}