{"id":184,"date":"2024-07-22T20:52:28","date_gmt":"2024-07-22T20:52:28","guid":{"rendered":"https:\/\/shop.eau2p.fr\/?post_type=product&#038;p=184"},"modified":"2026-03-29T15:03:53","modified_gmt":"2026-03-29T13:03:53","slug":"lot-3-filtres-osmoseur-sous-evier","status":"publish","type":"product","link":"https:\/\/shop.eau2p.fr\/index.php\/produit\/lot-3-filtres-osmoseur-sous-evier\/","title":{"rendered":"Lot 3 pr\u00e9-filtres pour osmoseur sous \u00e9vier"},"content":{"rendered":"<p>Ce kit contient 3 cartouches, les trois pr\u00e9-filtres du bas uniquement. Dans l&rsquo;ordre de l&rsquo;arriv\u00e9e d&rsquo;eau, il y a 1 filtre 5\u00b5 (il ramasse le plus gros) puis le second en 5\u00b5 avec carbone et ensuite le troisi\u00e8me en 1\u00b5. C&rsquo;est ce dernier qui alimente la membrane qui alors filtre en 0,1\u00b5.<\/p>\n<p><span style=\"color: #ff0000;\">IMPORTANT :<\/span> Il est fortement recommand\u00e9 de changer le post-filtre carbone en m\u00eame temps pour retirer les odeurs et go\u00fbt de chiotte ou quand l&rsquo;eau devient imbuvable. Vous le trouverez comme article s\u00e9par\u00e9 \u00e0 <a href=\"https:\/\/shop.eau2p.fr\/index.php\/produit\/filtre-carbone-apres-membrane\/\" target=\"_blank\" rel=\"noopener\">cette adresse.<\/a><\/p>\n","protected":false},"excerpt":{"rendered":"<p>Ce kit contient les 3\u00a0 filtre de base d&rsquo;un osmoseur digne de ce nom.<\/p>\n","protected":false},"featured_media":187,"template":"","meta":[],"product_brand":[],"product_cat":[18],"product_tag":[],"class_list":{"0":"post-184","1":"product","2":"type-product","3":"status-publish","4":"has-post-thumbnail","6":"product_cat-osmoseur","8":"first","9":"instock","10":"shipping-taxable","11":"purchasable","12":"product-type-simple"},"_links":{"self":[{"href":"https:\/\/shop.eau2p.fr\/index.php\/wp-json\/wp\/v2\/product\/184","targetHints":{"allow":["GET"]}}],"collection":[{"href":"https:\/\/shop.eau2p.fr\/index.php\/wp-json\/wp\/v2\/product"}],"about":[{"href":"https:\/\/shop.eau2p.fr\/index.php\/wp-json\/wp\/v2\/types\/product"}],"version-history":[{"count":7,"href":"https:\/\/shop.eau2p.fr\/index.php\/wp-json\/wp\/v2\/product\/184\/revisions"}],"predecessor-version":[{"id":637,"href":"https:\/\/shop.eau2p.fr\/index.php\/wp-json\/wp\/v2\/product\/184\/revisions\/637"}],"wp:featuredmedia":[{"embeddable":true,"href":"https:\/\/shop.eau2p.fr\/index.php\/wp-json\/wp\/v2\/media\/187"}],"wp:attachment":[{"href":"https:\/\/shop.eau2p.fr\/index.php\/wp-json\/wp\/v2\/media?parent=184"}],"wp:term":[{"taxonomy":"product_brand","embeddable":true,"href":"https:\/\/shop.eau2p.fr\/index.php\/wp-json\/wp\/v2\/product_brand?post=184"},{"taxonomy":"product_cat","embeddable":true,"href":"https:\/\/shop.eau2p.fr\/index.php\/wp-json\/wp\/v2\/product_cat?post=184"},{"taxonomy":"product_tag","embeddable":true,"href":"https:\/\/shop.eau2p.fr\/index.php\/wp-json\/wp\/v2\/product_tag?post=184"}],"curies":[{"name":"wp","href":"https:\/\/api.w.org\/{rel}","templated":true}]}}